{"id":16,"date":"2020-02-10T10:59:55","date_gmt":"2020-02-10T10:59:55","guid":{"rendered":"https:\/\/mystictaro.com\/?page_id=16"},"modified":"2026-04-02T20:37:02","modified_gmt":"2026-04-02T20:37:02","slug":"tarot-numeroloji-egitimleri","status":"publish","type":"page","link":"https:\/\/mystictaro.com\/index.php\/tarot-numeroloji-egitimleri\/","title":{"rendered":"Training"},"content":{"rendered":"","protected":false},"excerpt":{"rendered":"","protected":false},"author":1,"featured_media":0,"parent":0,"menu_order":0,"comment_status":"open","ping_status":"closed","template":"","meta":{"footnotes":""},"class_list":["post-16","page","type-page","status-publish","hentry"],"yoast_head":"<!-- This site is optimized with the Yoast SEO plugin v27.2 - https:\/\/yoast.com\/product\/yoast-seo-wordpress\/ -->\n<title>\u2728 E\u011fitimlerimiz \u00c7ok Yak\u0131nda \u2728<\/title>\n<meta name=\"description\" content=\"Mistik Tarot d\u00fcnyas\u0131nda kendinizi ke\u015ffedece\u011finiz e\u011fitimler ve ilham verici at\u00f6lyeler i\u00e7in haz\u0131rl\u0131klar\u0131m\u0131z t\u00fcm h\u0131z\u0131yla devam ediyor.Enerjinizi d\u00f6n\u00fc\u015ft\u00fcrecek, sezgilerinizi g\u00fc\u00e7lendirecek ve spirit\u00fcel yolculu\u011funuzu derinle\u015ftirecek i\u00e7eriklerimiz en k\u0131sa zamanda sizlerle bulu\u015facak.Bizi takipte kal\u0131n\u2026 \u00c7ok yak\u0131nda burada olaca\u011f\u0131z. \ud83c\udf19\" \/>\n<meta name=\"robots\" content=\"index, follow, max-snippet:-1, max-image-preview:large, max-video-preview:-1\" \/>\n<link rel=\"canonical\" href=\"https:\/\/mystictaro.com\/index.php\/tarot-numeroloji-egitimleri\/\" \/>\n<meta property=\"og:locale\" content=\"en_US\" \/>\n<meta property=\"og:type\" content=\"article\" \/>\n<meta property=\"og:title\" content=\"\u2728 E\u011fitimlerimiz \u00c7ok Yak\u0131nda \u2728\" \/>\n<meta property=\"og:description\" content=\"Mistik Tarot d\u00fcnyas\u0131nda kendinizi ke\u015ffedece\u011finiz e\u011fitimler ve ilham verici at\u00f6lyeler i\u00e7in haz\u0131rl\u0131klar\u0131m\u0131z t\u00fcm h\u0131z\u0131yla devam ediyor.Enerjinizi d\u00f6n\u00fc\u015ft\u00fcrecek, sezgilerinizi g\u00fc\u00e7lendirecek ve spirit\u00fcel yolculu\u011funuzu derinle\u015ftirecek i\u00e7eriklerimiz en k\u0131sa zamanda sizlerle bulu\u015facak.Bizi takipte kal\u0131n\u2026 \u00c7ok yak\u0131nda burada olaca\u011f\u0131z. \ud83c\udf19\" \/>\n<meta property=\"og:url\" content=\"https:\/\/mystictaro.com\/index.php\/tarot-numeroloji-egitimleri\/\" \/>\n<meta property=\"og:site_name\" content=\"Mystic Tarot\" \/>\n<meta property=\"article:modified_time\" content=\"2026-04-02T20:37:02+00:00\" \/>\n<meta name=\"twitter:card\" content=\"summary_large_image\" \/>\n<script type=\"application\/ld+json\" class=\"yoast-schema-graph\">{\"@context\":\"https:\/\/schema.org\",\"@graph\":[{\"@type\":\"WebPage\",\"@id\":\"https:\/\/mystictaro.com\/index.php\/tarot-numeroloji-egitimleri\/\",\"url\":\"https:\/\/mystictaro.com\/index.php\/tarot-numeroloji-egitimleri\/\",\"name\":\"\u2728 E\u011fitimlerimiz \u00c7ok Yak\u0131nda \u2728\",\"isPartOf\":{\"@id\":\"https:\/\/mystictaro.com\/#website\"},\"datePublished\":\"2020-02-10T10:59:55+00:00\",\"dateModified\":\"2026-04-02T20:37:02+00:00\",\"description\":\"Mistik Tarot d\u00fcnyas\u0131nda kendinizi ke\u015ffedece\u011finiz e\u011fitimler ve ilham verici at\u00f6lyeler i\u00e7in haz\u0131rl\u0131klar\u0131m\u0131z t\u00fcm h\u0131z\u0131yla devam ediyor.Enerjinizi d\u00f6n\u00fc\u015ft\u00fcrecek, sezgilerinizi g\u00fc\u00e7lendirecek ve spirit\u00fcel yolculu\u011funuzu derinle\u015ftirecek i\u00e7eriklerimiz en k\u0131sa zamanda sizlerle bulu\u015facak.Bizi takipte kal\u0131n\u2026 \u00c7ok yak\u0131nda burada olaca\u011f\u0131z. \ud83c\udf19\",\"breadcrumb\":{\"@id\":\"https:\/\/mystictaro.com\/index.php\/tarot-numeroloji-egitimleri\/#breadcrumb\"},\"inLanguage\":\"en-US\",\"potentialAction\":[{\"@type\":\"ReadAction\",\"target\":[\"https:\/\/mystictaro.com\/index.php\/tarot-numeroloji-egitimleri\/\"]}]},{\"@type\":\"BreadcrumbList\",\"@id\":\"https:\/\/mystictaro.com\/index.php\/tarot-numeroloji-egitimleri\/#breadcrumb\",\"itemListElement\":[{\"@type\":\"ListItem\",\"position\":1,\"name\":\"Home\",\"item\":\"https:\/\/mystictaro.com\/\"},{\"@type\":\"ListItem\",\"position\":2,\"name\":\"Training\"}]},{\"@type\":\"WebSite\",\"@id\":\"https:\/\/mystictaro.com\/#website\",\"url\":\"https:\/\/mystictaro.com\/\",\"name\":\"Mystic Tarot\",\"description\":\"\",\"publisher\":{\"@id\":\"https:\/\/mystictaro.com\/#organization\"},\"potentialAction\":[{\"@type\":\"SearchAction\",\"target\":{\"@type\":\"EntryPoint\",\"urlTemplate\":\"https:\/\/mystictaro.com\/?s={search_term_string}\"},\"query-input\":{\"@type\":\"PropertyValueSpecification\",\"valueRequired\":true,\"valueName\":\"search_term_string\"}}],\"inLanguage\":\"en-US\"},{\"@type\":\"Organization\",\"@id\":\"https:\/\/mystictaro.com\/#organization\",\"name\":\"Mystic Tarot\",\"url\":\"https:\/\/mystictaro.com\/\",\"logo\":{\"@type\":\"ImageObject\",\"inLanguage\":\"en-US\",\"@id\":\"https:\/\/mystictaro.com\/#\/schema\/logo\/image\/\",\"url\":\"https:\/\/mystictaro.com\/wp-content\/uploads\/2026\/03\/mystic-tarot.png\",\"contentUrl\":\"https:\/\/mystictaro.com\/wp-content\/uploads\/2026\/03\/mystic-tarot.png\",\"width\":2000,\"height\":2000,\"caption\":\"Mystic Tarot\"},\"image\":{\"@id\":\"https:\/\/mystictaro.com\/#\/schema\/logo\/image\/\"},\"sameAs\":[\"https:\/\/www.instagram.com\/arzuozgun_\/\"]}]}<\/script>\n<!-- \/ Yoast SEO plugin. -->","yoast_head_json":{"title":"\u2728 E\u011fitimlerimiz \u00c7ok Yak\u0131nda \u2728","description":"Mistik Tarot d\u00fcnyas\u0131nda kendinizi ke\u015ffedece\u011finiz e\u011fitimler ve ilham verici at\u00f6lyeler i\u00e7in haz\u0131rl\u0131klar\u0131m\u0131z t\u00fcm h\u0131z\u0131yla devam ediyor.Enerjinizi d\u00f6n\u00fc\u015ft\u00fcrecek, sezgilerinizi g\u00fc\u00e7lendirecek ve spirit\u00fcel yolculu\u011funuzu derinle\u015ftirecek i\u00e7eriklerimiz en k\u0131sa zamanda sizlerle bulu\u015facak.Bizi takipte kal\u0131n\u2026 \u00c7ok yak\u0131nda burada olaca\u011f\u0131z. \ud83c\udf19","robots":{"index":"index","follow":"follow","max-snippet":"max-snippet:-1","max-image-preview":"max-image-preview:large","max-video-preview":"max-video-preview:-1"},"canonical":"https:\/\/mystictaro.com\/index.php\/tarot-numeroloji-egitimleri\/","og_locale":"en_US","og_type":"article","og_title":"\u2728 E\u011fitimlerimiz \u00c7ok Yak\u0131nda \u2728","og_description":"Mistik Tarot d\u00fcnyas\u0131nda kendinizi ke\u015ffedece\u011finiz e\u011fitimler ve ilham verici at\u00f6lyeler i\u00e7in haz\u0131rl\u0131klar\u0131m\u0131z t\u00fcm h\u0131z\u0131yla devam ediyor.Enerjinizi d\u00f6n\u00fc\u015ft\u00fcrecek, sezgilerinizi g\u00fc\u00e7lendirecek ve spirit\u00fcel yolculu\u011funuzu derinle\u015ftirecek i\u00e7eriklerimiz en k\u0131sa zamanda sizlerle bulu\u015facak.Bizi takipte kal\u0131n\u2026 \u00c7ok yak\u0131nda burada olaca\u011f\u0131z. \ud83c\udf19","og_url":"https:\/\/mystictaro.com\/index.php\/tarot-numeroloji-egitimleri\/","og_site_name":"Mystic Tarot","article_modified_time":"2026-04-02T20:37:02+00:00","twitter_card":"summary_large_image","schema":{"@context":"https:\/\/schema.org","@graph":[{"@type":"WebPage","@id":"https:\/\/mystictaro.com\/index.php\/tarot-numeroloji-egitimleri\/","url":"https:\/\/mystictaro.com\/index.php\/tarot-numeroloji-egitimleri\/","name":"\u2728 E\u011fitimlerimiz \u00c7ok Yak\u0131nda \u2728","isPartOf":{"@id":"https:\/\/mystictaro.com\/#website"},"datePublished":"2020-02-10T10:59:55+00:00","dateModified":"2026-04-02T20:37:02+00:00","description":"Mistik Tarot d\u00fcnyas\u0131nda kendinizi ke\u015ffedece\u011finiz e\u011fitimler ve ilham verici at\u00f6lyeler i\u00e7in haz\u0131rl\u0131klar\u0131m\u0131z t\u00fcm h\u0131z\u0131yla devam ediyor.Enerjinizi d\u00f6n\u00fc\u015ft\u00fcrecek, sezgilerinizi g\u00fc\u00e7lendirecek ve spirit\u00fcel yolculu\u011funuzu derinle\u015ftirecek i\u00e7eriklerimiz en k\u0131sa zamanda sizlerle bulu\u015facak.Bizi takipte kal\u0131n\u2026 \u00c7ok yak\u0131nda burada olaca\u011f\u0131z. \ud83c\udf19","breadcrumb":{"@id":"https:\/\/mystictaro.com\/index.php\/tarot-numeroloji-egitimleri\/#breadcrumb"},"inLanguage":"en-US","potentialAction":[{"@type":"ReadAction","target":["https:\/\/mystictaro.com\/index.php\/tarot-numeroloji-egitimleri\/"]}]},{"@type":"BreadcrumbList","@id":"https:\/\/mystictaro.com\/index.php\/tarot-numeroloji-egitimleri\/#breadcrumb","itemListElement":[{"@type":"ListItem","position":1,"name":"Home","item":"https:\/\/mystictaro.com\/"},{"@type":"ListItem","position":2,"name":"Training"}]},{"@type":"WebSite","@id":"https:\/\/mystictaro.com\/#website","url":"https:\/\/mystictaro.com\/","name":"Mystic Tarot","description":"","publisher":{"@id":"https:\/\/mystictaro.com\/#organization"},"potentialAction":[{"@type":"SearchAction","target":{"@type":"EntryPoint","urlTemplate":"https:\/\/mystictaro.com\/?s={search_term_string}"},"query-input":{"@type":"PropertyValueSpecification","valueRequired":true,"valueName":"search_term_string"}}],"inLanguage":"en-US"},{"@type":"Organization","@id":"https:\/\/mystictaro.com\/#organization","name":"Mystic Tarot","url":"https:\/\/mystictaro.com\/","logo":{"@type":"ImageObject","inLanguage":"en-US","@id":"https:\/\/mystictaro.com\/#\/schema\/logo\/image\/","url":"https:\/\/mystictaro.com\/wp-content\/uploads\/2026\/03\/mystic-tarot.png","contentUrl":"https:\/\/mystictaro.com\/wp-content\/uploads\/2026\/03\/mystic-tarot.png","width":2000,"height":2000,"caption":"Mystic Tarot"},"image":{"@id":"https:\/\/mystictaro.com\/#\/schema\/logo\/image\/"},"sameAs":["https:\/\/www.instagram.com\/arzuozgun_\/"]}]}},"_links":{"self":[{"href":"https:\/\/mystictaro.com\/index.php\/wp-json\/wp\/v2\/pages\/16","targetHints":{"allow":["GET"]}}],"collection":[{"href":"https:\/\/mystictaro.com\/index.php\/wp-json\/wp\/v2\/pages"}],"about":[{"href":"https:\/\/mystictaro.com\/index.php\/wp-json\/wp\/v2\/types\/page"}],"author":[{"embeddable":true,"href":"https:\/\/mystictaro.com\/index.php\/wp-json\/wp\/v2\/users\/1"}],"replies":[{"embeddable":true,"href":"https:\/\/mystictaro.com\/index.php\/wp-json\/wp\/v2\/comments?post=16"}],"version-history":[{"count":1,"href":"https:\/\/mystictaro.com\/index.php\/wp-json\/wp\/v2\/pages\/16\/revisions"}],"predecessor-version":[{"id":163,"href":"https:\/\/mystictaro.com\/index.php\/wp-json\/wp\/v2\/pages\/16\/revisions\/163"}],"wp:attachment":[{"href":"https:\/\/mystictaro.com\/index.php\/wp-json\/wp\/v2\/media?parent=16"}],"curies":[{"name":"wp","href":"https:\/\/api.w.org\/{rel}","templated":true}]}}